785049?
17, 340297
What are the prime factors of 38127714?
2, 3, 6354619
What are the prime factors of 3073099690?
2, 5, 17, 23, 89, 8831
What are the prime factors of 112913968?
2, 7057123
What are the prime factors of 21368633?
11, 13, 23, 73, 89
What are the prime factors of 302575431?
3, 233, 432869
List the prime factors of 141709756.
2, 17, 2083967
What are the prime factors of 826241765?
5, 23, 487, 14753
What are the prime factors of 85958404?
2, 7, 191, 16073
List the prime factors of 765389148.
2, 3, 41, 83, 18743
What are the prime factors of 20247056?
2, 199, 6359
List the prime factors of 877194856.
2, 109649357
What are the prime factors of 3599097435?
3, 5, 367, 72643
List the prime factors of 87208681.
7, 41, 83, 523
List the prime factors of 578961770.
2, 5, 79, 732863
What are the prime factors of 6853261?
17, 403133
List the prime factors of 31330820.
2, 5, 61, 421
List the prime factors of 8081535.
3, 5, 7, 11, 6997
What are the prime factors of 890485289?
59, 15092971
What are the prime factors of 5527887935?
5, 41, 79, 341333
List the prime factors of 425797370.
2, 5, 137, 310801
What are the prime factors of 185634630?
2, 3, 5, 109, 127, 149
List the prime factors of 96432467.
19, 1789, 2837
What are the prime factors of 189104837?
293, 645409
What are the prime factors of 18956181?
3, 47, 233, 577
What are the prime factors of 23728411?
7, 3389773
What are the prime factors of 561784725?
3, 5, 59, 101, 419
What are the prime factors of 29876713?
1307, 22859
List the prime factors of 139082700.
2, 3, 5, 131, 3539
What are the prime factors of 107651902?
2, 31, 47, 36943
List the prime factors of 3536733403.
7, 2089, 241861
What are the prime factors of 1776198889?
25117, 70717
What are the prime factors of 91061466?
2, 3, 47, 97, 3329
What are the prime factors of 364112396?
2, 91028099
List the prime factors of 40310458.
2, 1511, 13339
List the prime factors of 15113546.
2, 7, 1079539
List the prime factors of 8834447.
61, 251, 577
List the prime factors of 221586002.
2, 11, 23, 193, 2269
What are the prime factors of 2760363?
3, 306707
List the prime factors of 29960082.
2, 3, 59, 28211
List the prime factors of 5257958.
2, 2628979
What are the prime factors of 2455922764?
2, 613980691
What are the prime factors of 2039196579?
3, 7, 97104599
List the prime factors of 74756727.
3, 107, 149, 521
List the prime factors of 40687876.
2, 487, 20887
What are the prime factors of 742386048?
2, 3, 1181, 1637
What are the prime factors of 2246502943?
19, 23, 353, 14563
What are the prime factors of 141466956?
2, 3, 317, 37189
List the prime factors of 3451767771.
3, 17, 257, 389, 677
List the prime factors of 517279485.
3, 5, 17, 31, 65437
List the prime factors of 58865806.
2, 3109, 9467
What are the prime factors of 15853337?
73, 217169
List the prime factors of 75343685.
5, 15068737
List the prime factors of 728526302.
2, 7, 52037593
What are the prime factors of 159496900?
2, 5, 89, 17921
List the prime factors of 262663925.
5, 37, 283961
List the prime factors of 766313152.
2, 11, 463, 2351
What are the prime factors of 44493895?
5, 8898779
List the prime factors of 4370949277.
263, 16619579
What are the prime factors of 812232148?
2, 7, 13, 2231407
What are the prime factors of 1058168674?
2, 11243, 47059
What are the prime factors of 2007282207?
3, 7, 97, 140773
What are the prime factors of 134448480?
2, 3, 5, 73, 1279
What are the prime factors of 100433432?
2, 11, 1141289
List the prime factors of 129767693.
11, 11797063
List the prime factors of 1159279240.
2, 5, 7, 591469
List the prime factors of 254376269.
7, 36339467
List the prime factors of 11408062.
2, 31, 37, 4973
List the prime factors of 43105776.
2, 3, 7, 128291
List the prime factors of 858040980.
2, 3, 5, 29, 493127
List the prime factors of 363970977.
3, 121323659
List the prime factors of 55277227.
113, 489179
What are the prime factors of 987676436?
2, 246919109
List the prime factors of 461038946.
2, 17, 73, 185753
List the prime factors of 82146292.
2, 2969, 6917
List the prime factors of 10670440.
2, 5, 11, 24251
List the prime factors of 106784203.
541, 197383
List the prime factors of 93109369.
4639, 20071
What are the prime factors of 1718229629?
17189, 99961
What are the prime factors of 397205020?
2, 5, 1499, 13249
List the prime factors of 147047666.
2, 277, 433, 613
List the prime factors of 15127459.
15127459
List the prime factors of 361877891.
361877891
List the prime factors of 18929076.
2, 3, 227, 6949
List the prime factors of 36684596.
2, 13, 439, 1607
List the prime factors of 229280314.
2, 367, 312371
List the prime factors of 118865314.
2, 41, 1449577
List the prime factors of 1192295372.
2, 19, 179, 87643
List the prime factors of 125218151.
19, 6590429
What are the prime factors of 29378191?
131, 224261
What are the prime factors of 3555943147?
3555943147
List the prime factors of 596028467.
3583, 166349
What are the prime factors of 67644256?
2, 19, 71, 1567
List the prime factors of 153788129.
11, 167, 83717
List the prime factors of 2674878705.
3, 5, 59441749
List the prime factors of 9614604.
2, 3, 801217
List the prime factors of 62103831.
3, 20701277
List the prime factors of 72783183.
3, 11, 2205551
List the prime factors of 68017452.
2, 3, 353, 16057
List the prime factors of 115567351.
115567351
What are the prime factors of 1907040618?
2, 3, 7, 5045081
List the prime factors of 622276235.
5, 7, 67, 167, 227
List the prime factors of 16039069.
151, 106219
List the prime factors of 3620072125.
5, 607, 47711
List the prime factors of 133212220.
2, 5, 607, 10973
What are the prime factors of 67859929?
67859929
List the prime factors of 213493597.
5779, 36943
List the prime factors of 101864389.
11, 9260399
What are the prime factors of 2379842255?
5, 7, 31, 71, 30893
List the prime factors of 188785239.
3, 62928413
What are the prime factors of 144971524?
2, 36242881
What are the prime factors of 141135575?
5, 7, 37, 71, 307
What are the prime factors of 52237831?
52237831
List the prime factors of 2752467860.
2, 5, 137623393
What are the prime factors of 420264432?
2, 3, 7, 41, 10169
What are the prime factors of 515256585?
3, 5, 71, 483809
What are the prime factors of 1473477385?
5, 29, 101, 100613
What are the prime factors of 70618538?
2, 29, 1217561
List the prime factors of 499658617.
14771, 33827
What are the prime factors of 486751639?
11, 44250149
What are the prime factors of 58262112?
2, 3, 67433
What are the prime factors of 64912941?
3, 107, 22469
List the prime factors of 77820287.
37, 97, 21683
List the prime factors of 4822403952.
2, 3, 79, 1271731
What are the prime factors of 136405843?
7, 139, 140191
What are the prime factors of 308579611?
31, 1759, 5659
List the prime factors of 788101275.
3, 5, 13, 808309
List the prime factors of 943083880.
2, 5, 383, 61559
List the prime factors of 69722875.
5, 19, 31, 947
List the prime factors of 94163922.
2, 3, 5231329
List the prime factors of 84753006.
2, 3, 13, 461, 2357
List the prime factors of 2217298367.
47, 47176561
What are the prime factors of 73820609?
73820609
What are the prime factors of 165418000?
2, 5, 11, 73, 103
List the prime factors of 282689453.
282689453
List the prime factors of 357405336.
2, 3, 43, 67, 1723
List the prime factors of 3480443396.
2, 883, 985403
What are the prime factors of 176119487?
23, 2069, 3701
What are the prime factors of 133895465?
5, 11, 29, 127, 661
List the prime factors of 17372507.
113, 153739
List the prime factors of 744370609.
59, 449, 28099
List the prime factors of 82822234.
2, 11, 3764647
What are the prime factors of 40189023?
3, 7, 127, 5023
What are the prime factors of 152355290?
2, 5, 15235529
List the prime factors of 230949929.
7, 32992847
List the prime factors of 220771954.
2, 13, 29, 292801
What are the prime factors of 3232628137?
19, 31, 177043
List the prime factors of 1001298517.
1001298517
List the prime factors of 12481260.
2, 3, 5, 11, 18911
List the prime factors of 242429022.
2, 3, 11, 1224389
What are the prime factors of 2104798021?
37, 56886433
What are the prime factors of 1044244976?
2, 65265311
List the prime factors of 509296004.
2, 7, 317, 1171
List the prime factors of 32296